e prime factors of y.
2, 5, 13
Let f be 1/2*12704/(-16). Let l = 552 + f. What are the prime factors of l?
5, 31
Let n = 71116 - 21880. What are the prime factors of n?
2, 3, 11, 373
Let n(g) = -g**2 + 4*g - 37. Let s be n(8). Let z = s + 1195. List the prime factors of z.
2, 563
Let z(a) = -11*a - 44. Let f be z(4). Let w = f - -291. List the prime factors of w.
7, 29
Let j(w) = 1377*w**2 + 190*w - 978. What are the prime factors of j(5)?
11, 53, 59
Let t = 45387 - 22918. What are the prime factors of t?
22469
Suppose 0 = -3*g - 3*t + 1641, 4*g = -2*t - 523 + 2711. What are the prime factors of g?
547
Suppose -4*u + 152*m - 154*m = -18904, -2*m = 0. List the prime factors of u.
2, 17, 139
Suppose -u = -64 + 58, -3*l - u + 32859 = 0. What are the prime factors of l?
47, 233
Suppose -5*z - 12 = 2*j, 4*j - j - 2*z + 56 = 0. Let g = j + 19. Suppose -2*o + o + 436 = g*b, o - 291 = -2*b. What are the prime factors of b?
5, 29
Let m(g) = -50*g - 4. Let n(h) = -h**2 - 5*h - 2. Let w(l) = 2*l**2 + 6*l + 3. Let k(o) = -4*n(o) - 3*w(o). Let r be k(1). List the prime factors of m(r).
2, 23
Let c(l) = 1924*l + 1781. What are the prime factors of c(14)?
13, 47
Let n be -10 - (-3)/(6/26). Let x(k) be the second derivative of k**5/10 + k**4/6 + k**3/6 - k**2 + k. What are the prime factors of x(n)?
73
Suppose -5*v + 0*v + 133 = -4*o, -66 = 3*o + 3*v. Let s(b) = -9*b + 13. Let f be s(o). Suppose f = 4*x - 0*x. List the prime factors of x.
2
Let o be (-48)/9*(-3 + (-72)/(-32)). Suppose -70 = -o*w - 0*w - 5*z, 2*z + 4 = 0. What are the prime factors of w?
2, 5
Let k be -1*(1 - (-5)/((-10)/18)). List the prime factors of 4*(-5)/6*(-852)/k.
5, 71
Let p(x) = x**3 + 4*x**2 + 4*x + 6. Let g be p(-5). Suppose 2*v = -2*v - 168. Let r = g - v. List the prime factors of r.
3
Let m be ((3008/(-10))/(-4))/(2/30). Suppose -m = -3*z + d - 4*d, 2*d + 1486 = 4*z. List the prime factors of z.
373
Let u(a) = 2*a + 14. Let h be u(-7). Suppose -2 = -w - h. Suppose 0 = -z - w*z - 3, 4*f = 2*z + 194. What are the prime factors of f?
2, 3
Let b be (-1)/(-3) + 560/(-15). Let l = -36 - b. List the prime factors of 18 - (2 - (l + 2)).
19
Let l = -30191 + 54927. List the prime factors of l.
2, 773
Let m = 1 - -33. Let w = 168 + m. Let y = w + -122. What are the prime factors of y?
2, 5
Let b(w) = -w**3 + 18*w**2 + 43*w - 72. Let v be b(20). List the prime factors of 60/(-3)*(2 + v).
2, 5
Let b be (-26)/((-11)/(44/8)). Suppose c - 415 = -5*s, -16*s = 3*c - b*s - 1305. What are the prime factors of c?
2, 5, 11
Let f be 1382/(-5)*50/(-20). Let p = 1072 - f. List the prime factors of p.
3, 127
Let q(l) = 2 - 6 + 20*l - 13*l - 18. Let v(g) = 22*g - 66. Let i(x) = 10*q(x) - 3*v(x). List the prime factors of i(17).
2, 23
Let c(h) = h**3 + 41*h**2 + 41*h - 84. Suppose -4*q + 180 = 336. List the prime factors of c(q).
3, 151
Let h(o) = -o**3 - 6*o**2 + 27*o + 3. Let y be h(-9). Suppose p - 186 = 3*s, 5*p + 0*p = -y*s + 840. What are the prime factors of p?
3, 19
Let a be 1/(-1) - (0 + 3). Let f = -27 + 140. Let b = f + a. List the prime factors of b.
109
Suppose 11*f + 106242 = 328233. List the prime factors of f.
3, 7, 31
Suppose -9*p + 10*p = 4. Suppose 2*n - 3*n + 66 = -2*c, p*c - 218 = -3*n. What are the prime factors of n?
2, 5, 7
Suppose -3*r + 3 = -2*m - m, -r + 2*m - 1 = 0. Suppose -2*p - 461 = -t - p, -r*t - 5*p = -1367. List the prime factors of t.
3, 17
Let u(z) be the second derivative of 1/20*z**5 - 4/3*z**3 + 13*z + 5/6*z**4 + 0 - 10*z**2. What are the prime factors of u(-10)?
2, 3, 5
Let d(h) = 32*h + 194. Let l be d(-6). What are the prime factors of 114/l + -12 + (6 - 0)?
3, 17
Let q be (2/(-1) + (4 - 3))*-5. List the prime factors of q + -4 + (3 - -419).
3, 47
Let s(m) = -16*m + 8. Let v = 16 + -16. Let l be v + 1 + (-2)/1 + -4. What are the prime factors of s(l)?
2, 11
Let w(z) = 11*z**3 + z**2 - 7*z + 19. Let u be w(7). What are the prime factors of u/(-32)*(-32)/4?
2, 3, 79
Let c be (4 + (-6 - 0))*2985/(-6). Suppose 2*f = c + 227. List the prime factors of f.
13, 47
Let y = -2924 - -7276. What are the prime factors of y?
2, 17
Let i(j) = -2127*j. Let h be i(-1). Let g = h - 1195. What are the prime factors of g/12 - (-2)/6?
2, 3, 13
Suppose -2*c + 147 = -5*o, -3*c + c + 117 = o. Let t = c - 59. List the prime factors of 262/(-5*t/(-5)).
131
Let q(d) be the second derivative of 0 - 22/3*d**3 + 1/2*d**2 - 7*d. List the prime factors of q(-2).
89
Let h = 23198 - 10976. What are the prime factors of (h/(-35))/9*-10?
2, 97
Let o(n) = -9 - 47*n - 1 + 30*n. Let m be o(18). Let c = m + 461. What are the prime factors of c?
5, 29
Let q(w) = -6175*w + 0*w**2 + 14 + 6252*w - 3*w**2. What are the prime factors of q(18)?
2, 107
List the prime factors of (1352 - -1)/(1/9).
3, 11, 41
Suppose -2*f - 2*l + 19 = 25, f = 5*l - 9. Let q(w) = -8*w - 12. Let s(h) = h - 1. Let y(m) = q(m) + s(m). List the prime factors of y(f).
3, 5
List the prime factors of ((((-72)/15)/4)/(-1))/(5/31775).
2, 3, 31, 41
Suppose 4*i = 3*c + 8*i - 3148, 8 = 2*i. Suppose -4*r - 16 = 0, 4*x - c + 64 = -r. List the prime factors of x.
2, 3, 41
Let k(a) = 71*a - 37*a - 35*a. Let w(r) = -r**2 - 17*r + 8. Let d(f) = 4*k(f) + w(f). List the prime factors of d(-10).
2, 59
Suppose -4*s + v + 53 = 0, s = -2*s - 4*v + 54. Suppose 13 = -t + s. What are the prime factors of 1714/10 + ((-10)/25)/t?
3, 19
Let r = 171641 - 97442. What are the prime factors of r?
3, 24733
Suppose 0*a - 4 = 4*a. Let f(k) = 8*k**2 - 3*k - 2. Let i be f(a). Suppose i*s = -s + 1360. What are the prime factors of s?
2, 17
Let v = 16717 + -15840. List the prime factors of v.
877
Let b(g) = 4*g + 33. Let u be b(-10). What are the prime factors of 10 + (-1080)/105 + (-5882)/u?
2, 3, 5, 7
Let s = -310 + 318. Suppose -s*i + 241 = -319. What are the prime factors of i?
2, 5, 7
Suppose 4*q = 3*a + 1579, 3*a + 904 + 1072 = 5*q. Suppose -q + 57 = 4*p. Let d = p + 165. List the prime factors of d.
2, 5
Suppose -58*f + 146712 = -1328750. List the prime factors of f.
25439
Let i be (-8)/(40/(-3)) - (-3)/(-5). Let u = i + 0. Suppose 3*q - 5*w = 131 + 28, 2*q - 2*w - 102 = u. List the prime factors of q.
2, 3
Suppose -2*k - 3*a = -0*a + 156, -4*k - 5*a - 316 = 0. Let d = k - -167. Suppose 4*n + o - 175 = 0, -2*n + 0*o = 5*o - d. What are the prime factors of n?
2, 11
Suppose 71*t + 194*t = 6324095 + 1013755. List the prime factors of t.
2, 3, 5, 13, 71
What are the prime factors of 5/(40/219208) - (-1 - -4 - 5)?
67, 409
Suppose 59 = 3*o - j, o = -0*o + 5*j + 29. Suppose o*w = 18*w + 4. Suppose w*m = m + 258. List the prime factors of m.
2, 43
Suppose 20566 = 2*d + 2*y, 19*d - 14*d = 2*y + 51366. List the prime factors of d.
2, 7, 367
Let a = -237 - -269. Suppose 11*l - a = 3092. List the prime factors of l.
2, 71
Let q = 37425 + -24583. List the prime factors of q.
2, 6421
Let l(t) = -6421*t**3 + 1. List the prime factors of l(-1).
2, 13, 19
Suppose -8*g = -9*g - 2*s + 9920, 4*g + 5*s - 39674 = 0. List the prime factors of g.
2, 37, 67
Suppose 0 = -25*y + 29580 + 46595. What are the prime factors of y?
11, 277
Let d be (-8)/112 - (-5767)/(-14). Let p = 1008 + d. List the prime factors of p.
2, 149
Suppose 0 = -182*b + 67*b + 3173770. What are the prime factors of b?
2, 13799
Suppose -4*j + 17581 = -4*g - 10947, 3*j - 2*g - 21391 = 0. List the prime factors of j.
7127
Let u = 66 + -62. Suppose u*r - 47 = -3. Suppose -104 = -r*m + 9*m. What are the prime factors of m?
2, 13
List the prime factors of ((-12)/54*-6)/(1/8967).
2, 7, 61
Let i(k) = 8*k**3 + 8*k**2 - 14*k + 38. Let v be i(5). Suppose -v = -4*j + 4*c, -4*c + 8*c = 16. What are the prime factors of j?
2, 37
Let t be 5/2 + -1 + 1562/(-44). Suppose -3*j + j + 118 = 0. Let y = j + t. What are the prime factors of y?
5
Suppose -45*w + 202356 = -9*w. Suppose 27622 = 21*t - w. What are the prime factors of t?
1583
Let j be 50/(-3) + 11/(-33). Let x(t) = -t**2 - 18*t - 14. Let h be x(j). Suppose 229 = h*n - z - 3*z, 3*n - 247 = -5*z. What are the prime factors of n?
79
Suppose -4*p + 71 = 5*c, -2*c + 5*p + 32 = 3*p. Let s = 19 + -16. Suppose -5*o - c = 0, 5*x + 7*o = s*o + 1248. List the prime factors of x.
2, 3, 7
Suppose 8*p - 371436 = -26*p - 5*p. List the prime factors of p.
2, 2381
Let b = 58 + -50. Let c(k) 